common factor of 40 and o?
5
Let a be 4556/28 + 16/56. Let f = a + -159. Calculate the greatest common factor of 8 and f.
4
Let k be ((-6732)/(-1089))/((-4)/(-22)). Suppose 3*s = 2*s + 34. What is the highest common factor of k and s?
34
Let y(d) = -d**3 + 32*d**2 - 4*d + 95. Let u be y(32). Let o = u + 57. Let l = 4 + 68. What is the greatest common divisor of o and l?
24
Let h be 0 + 216 + 0/1. Let a(z) = 8*z**2 - 2*z + 1. Let g be a(5). Let d = 218 - g. Calculate the greatest common divisor of h and d.
27
Let l be (-2490)/(-69) + (-38)/437. Let t be (-16)/24*9 + l. Calculate the greatest common factor of t and 960.
30
Let y be (22 - 23)/(3/6). Let d be 3/((-1265)/320 + 6 + y). Calculate the greatest common factor of d and 56.
8
Let k(z) = 15 + 2*z**2 + 9 - 3*z**2 + 3. Let q be k(0). Calculate the highest common factor of q and 3.
3
Suppose 6*d + 23 = -5 + 352. Calculate the greatest common divisor of d and 1161.
27
Suppose -46*m = 9*m + 27*m - 8118. What is the highest common factor of 6534 and m?
99
Let j = -72 - -76. Suppose 2*x - j*z - 10 = 0, -2*z = -5*x - z + 61. Suppose f - x*f = -2976. What is the highest common divisor of 31 and f?
31
Suppose -a - 5*y + 28 = -0*a, 3*a + 4*y - 84 = 0. Let u = a - -181. Calculate the highest common divisor of u and 44.
11
Let y be (-4 + -15 + 12)*-31. Let b = -167 + y. Let q(s) = -s**2 + 6*s - 3. Let o be q(5). What is the highest common divisor of b and o?
2
Let x(s) be the second derivative of 2*s**5/5 + s**4/12 - s**3/2 + s**2 - 43*s. Let t be x(2). Calculate the highest common divisor of t and 128.
64
Let a(l) be the third derivative of -41*l**4/8 + 15*l**3/2 + 2*l**2 - 55*l. Let p be a(-5). What is the greatest common factor of p and 60?
60
Let h = -5196 - -5456. What is the greatest common factor of 3484 and h?
52
Let k = 23583 + -23415. Calculate the highest common factor of k and 328.
8
Suppose -159*s + 2360 = -154*s. Calculate the highest common divisor of 80 and s.
8
Let h(k) = -k**2 + 44*k - 21. Let f be h(42). What is the greatest common divisor of f and 1722?
21
Let w be (-41)/(328/(-1600))*(-2)/(-4). Calculate the greatest common divisor of 220 and w.
20
Suppose -3*t + 3282 = -4*o, 289 = 5*t - o - 5198. Calculate the greatest common divisor of 122 and t.
122
Let f(a) = -a**3 - 20*a**2 - 7*a + 81. Let l be f(-20). Calculate the highest common divisor of l and 13.
13
Suppose -51*a + 59*a + 1440 = 0. Let j be (2*10)/((-30)/a). What is the greatest common factor of 15 and j?
15
Let y(i) = i**3 - 15*i**2 - 20*i + 21. Let b be y(18). Let m = -409 + b. What is the highest common factor of 14 and m?
14
Let w = -735 + 1976. Calculate the highest common divisor of w and 73.
73
Let c = -10179 - -10269. What is the greatest common divisor of c and 1719?
9
Let d be 2/(1 + 1) - -13. Let k be 10/(-4)*(-5088)/(-120). Let x be 1*(0 - 8) - k. Calculate the greatest common divisor of d and x.
14
Let l(i) = i**2 + 4*i - 6. Let p be l(-5). Let o(u) = 353*u**2 - 18*u - 19. Let c be o(p). What is the greatest common divisor of 8 and c?
8
Suppose -5*f - 5*n = 541 + 539, -2*n = -f - 228. Let i = 234 + f. Calculate the greatest common factor of 70 and i.
14
Let n = -95 - -263. Let k = n + -18. Suppose 7*u = 15*u - 240. What is the highest common divisor of u and k?
30
Suppose 0 = -0*p + 4*p. Suppose -3*b = 5*k - 106, -b + p*b = -2. Let s be 16*2/k + 6/15. Calculate the greatest common factor of 18 and s.
2
Let i(k) = -69*k - 400. Let f be i(-6). Let l(r) = -r + 4. Let q be l(5). Let d = q - -15. What is the greatest common divisor of f and d?
14
Suppose -2*i + 7 + 1 = 0. Suppose -2*x + 31 - 3 = 2*m, 0 = 3*m - i*x - 7. Let t = 23 + m. Calculate the greatest common divisor of 256 and t.
32
Suppose 0 = -0*z - 7*z + 210. Suppose 0 = -3*n - 3*x + 144, 222 = -0*n + 5*n - x. What is the greatest common factor of n and z?
15
Suppose -63*f + 86 = -20*f. Calculate the highest common divisor of f and 121.
1
Suppose 2*v + 268 = -3*z, 3*z - 7*v = -6*v - 280. Let o(q) = 3*q. Let w be o(-3). Let d be 16/(-72) + z/w. Calculate the greatest common divisor of 90 and d.
10
Suppose 13*p - 19656 = -23*p. Calculate the highest common factor of p and 286.
26
Let l(z) = z**3 - 20*z**2 + 32*z + 72. Let n be l(18). Suppose -3*g + 5*o + 31 = n, -5*o = -4*g + 3*g + 27. What is the greatest common factor of g and 146?
2
Let w be (7 + -10)*29876/(-132). What is the greatest common divisor of 2 and w?
1
Suppose 4*s - 8 = 0, -98*n + s - 212 = -103*n. What is the highest common factor of 14 and n?
14
Suppose 26 = -295*g + 296*g. Suppose 23*k = g*k - 528. Calculate the highest common factor of 132 and k.
44
Let r = 73 + -70. Suppose 5*b - 5*w = 505, r*b + 5*w + 0*w = 279. What is the highest common divisor of b and 343?
49
Let c be (2 - (-26)/(-14)) + (-5352)/28. Let u = 134 + c. Let w be (-190)/u*(-126)/(-10). What is the greatest common factor of w and 28?
14
Let u be 1/(-4) + (-34)/(-8). Let z = -675 - -673. Let y(t) = -4*t**3 - 7*t**2 + 6*t + 9. Let s be y(z). What is the highest common divisor of u and s?
1
Suppose -99*k - 87 + 6621 = 0. Let w be 5 + 1074/((-3)/(-1)). Calculate the greatest common factor of k and w.
33
Let n(o) = 68*o**2 + 22*o + 42. Let g be n(-2). What is the highest common factor of 390 and g?
30
Let w(n) = 4*n**3 - 35*n**2 - 2*n + 9. Let v be w(9). Suppose o = 2*s + 44, 2*o - o + 5*s - v = 0. What is the greatest common factor of o and 182?
26
Let o(q) = 0 - 5 + 4 - 2*q + 2*q**2 - 4. Let b be o(-2). Suppose b*l - 68 = 5*l. What is the highest common factor of l and 170?
34
Let p be (142/1)/((-26)/(-39) + 1/(-6)). Calculate the highest common divisor of p and 1562.
142
Suppose x + 57 = -v + 210, -3*v = -x + 165. Calculate the highest common divisor of 84 and x.
12
Suppose 91*x + 53 - 581 = 109. Calculate the greatest common factor of x and 770.
7
Let w be 6*(-13)/546 + 6513/21. Calculate the greatest common factor of 434 and w.
62
Suppose 4*t + 3*r = 30, -3*t + 35 = -4*r - 0*r. Suppose -t*c + 2268 = 5*c. What is the highest common divisor of c and 18?
18
Let x(t) = 32 - 7*t - 6 - 22. Let v be -11 - -4*2/(-4). Let r be x(v). What is the highest common divisor of r and 38?
19
Let b be ((-175)/10)/7*48. Let m be (b/14)/(30/(-140)). Suppose -5*x + 25 = 0, 976 = 3*t + 3*x + 121. What is the greatest common divisor of t and m?
40
Suppose 0 = y + 4*o + 11, -2*y - 8*o + 7*o = -13. Let n be (32/(-2))/((-2)/y*3). Calculate the highest common divisor of 156 and n.
12
Suppose 5*k + 9*k = -697 + 30433. Calculate the highest common divisor of 828 and k.
36
Let t(s) = 7*s - 206. Let p be t(33). Let q = -78 - -45. Let c = 108 + q. What is the highest common divisor of p and c?
25
Suppose 5*d = 2*d. Let a(u) = -37 + 2*u + 61 + 11*u**3 + 11 - 10*u**3. Let f be a(d). Calculate the highest common factor of f and 7.
7
Let p = -11307 - -16766. What is the greatest common factor of p and 212?
53
Let n(f) = -165*f - 467. Let j be n(-3). Calculate the highest common factor of j and 4956.
28
Suppose w + 4 = 1, 0 = -4*o - 5*w - 15. Suppose 4*a - d - 882 = 0, 4*d = -5*a - o*d + 1092. What is the greatest common divisor of 308 and a?
44
Suppose -5*j - 1231 = -501. Let v = j - -355. Calculate the highest common divisor of v and 11.
11
Let p(t) = -297*t**2 - t + 2. Let h be p(-1). Let g = 324 + h. Suppose 3*i - 10 = 2*l + 2*l, 4*i = -2*l + 28. What is the highest common divisor of i and g?
6
Suppose 0 = 3*u + 15, -4*u = -3*z + 18318 - 2092. What is the greatest common factor of z and 222?
74
Let k be (-2 + 1/2)/((-3)/168). Let w = -87 + k. Let g be 4 - (-4)/(-4) - w. What is the greatest common divisor of 6 and g?
6
Let v = 5242 + -2400. What is the greatest common factor of v and 196?
98
Let y(w) = 60*w + 5. Let p be y(4). Suppose 2*n - 59 = -a, 2*a + 254 = -n + 267. What is the greatest common factor of n and p?
35
Suppose -54 = -3*y - 4*u, 4*u + 16 = 3*y - 62. Suppose 4*m - y = 2*i, i - 2 + 3 = 0. Suppose 131 - 461 = -m*d. Calculate the highest common factor of d and 22.
22
Suppose 2*k = -2*n, -15*k + 5 = -16*k. Suppose -1898 = -n*y + 2*x, 2*y - 284 = -4*x + 456. What is the greatest common factor of y and 162?
54
Let w(d) = 202*d + 222. Let i be w(0). Calculate the greatest common divisor of i and 6.
6
Suppose -3*j = -o + 45 - 160, o + 187 = 5